1/6*p**4 + 5*p - 3/2*p**2 + 0. What is s(v)?
15
Suppose -10*z - 10 = -5*z. Let m(g) = g. Let k(q) = 4*q - 4. Let u(h) = z*m(h) + k(h). Let l be 2 - (2 + (-1 - 2)). Give u(l).
2
Let t(i) = -13*i**2 + 4*i - 17. Let b(w) = 7*w**2 - 5*w + 9. Let r(z) = -14*z**2 + 9*z - 18. Let p(s) = 5*b(s) + 3*r(s). Let h(o) = 11*p(o) - 6*t(o). Give h(3).
6
Let d(b) be the first derivative of b**4/4 - b**3 - 3*b**2/2 - b - 31. What is d(4)?
3
Let s(n) = -2*n + 7*n - n**3 + 0 + 5 - 3*n**2. Suppose -d = 4*o + 79, 0*o - 3*d + 43 = -2*o. Let p be 12/o + (-34)/10. Determine s(p).
1
Let y(g) be the second derivative of -g**4/12 + 2*g**3 - 5*g**2 - g + 158. Determine y(11).
1
Let n(m) = -m + 1. Suppose -4*o + 21 = 3*v, -v - 13 = -5*o - 1. Let c(p) = -6 - 4*p + 8*p**3 - 6*p**2 - 7*p**o - 2*p. Let r be c(7). Give n(r).
0
Let n(v) = -2*v + 11. Let j be 8/((-3)/9*-4). Determine n(j).
-1
Let t(d) = -37*d - 2. Suppose -19 = -30*i + 11*i. What is t(i)?
-39
Let n(b) = b**2 + 4*b - 10. Suppose 5 = -5*p - 5*r, -r - 16 = 5*p + 9. Let a be n(p). Let f(w) = w + 1. What is f(a)?
3
Suppose -32 = 5*h - 87. Let r(a) = -a**3 + 6*a**2 + 54*a + 9. Determine r(h).
-2
Let z(i) = i - 1. Let m be 0 + 6/(-9)*-9. Let v be z(m). Let f = -1 - v. Let s(a) = a + 5. Give s(f).
-1
Let y = 7 + -2. Let q be (-2)/(-4) + y/(-10). Let t(p) be the third derivative of -p**4/24 + 5*p**3/6 + 4*p**2. Give t(q).
5
Let u(q) be the first derivative of -1/3*q**3 + q + 3/2*q**2 - 33. Suppose -f = -3*f + 8. What is u(f)?
-3
Suppose 4*i - 7*i = -2*l + 2, 3*i = -2*l + 14. Let v(c) = 9*c - 1. Determine v(i).
17
Let d(u) be the second derivative of u**3/6 + u**2/2 - 4*u. Let g(t) = -7*t + 4. Let r(s) = -6*d(s) - g(s). Determine r(7).
-3
Let f = 4 + 0. Suppose -f = -3*h + 2*h. Let q(v) = -h - v + 4. What is q(0)?
0
Let o = 0 + 0. Let r(g) be the second derivative of g**5/120 - g**4/12 + 4*g**3/3 - 8*g. Let v(m) be the second derivative of r(m). What is v(o)?
-2
Let f(m) be the first derivative of m**5/60 + m**4/24 - 2*m**3/3 + 4*m**2 + 13. Let z(k) be the second derivative of f(k). What is z(4)?
16
Suppose 6*g = 8*g - 2. Let j be 12/18*3*g/(-2). Let c(l) = 6*l**3. Give c(j).
-6
Let o(c) = 5*c + 96 - 275 + 86 + 90. Suppose p = 6*p - 10. Determine o(p).
7
Let r(c) be the first derivative of 3*c**2 + 5*c + 92. Determine r(4).
29
Let i(w) be the second derivative of w**3/3 - 3*w**2 - 3*w. Let k be (6/(-3) - 2) + 1 + 7. What is i(k)?
2
Let n(b) = b**2 + 2*b + 6. Let w(v) = 6*v**2 + 11*v + 27. Let t(p) = -11*n(p) + 2*w(p). Give t(-4).
4
Let v(q) = -2*q**2 - 3*q - 3. Let o be (68/(-12))/(-1 + 16/12). Let z = -20 - o. Give v(z).
-12
Let p(y) = -y**3 + 7*y**2 - 5*y - 7. Let u(r) = -2*r - 6. Let c be 184/(-30) - 8/(-60). Let k be u(c). What is p(k)?
-1
Let d = -844 - -1489. Let k(v) = -2*v + d - 645. What is k(-2)?
4
Let u(q) = 0*q**2 - q**2 + 0*q**2 - 4 - 5*q + 2*q**2. Let s(b) = -b**2 + 11*b - 18. Let x be s(8). Calculate u(x).
2
Let u(x) = -2*x**2 - 36*x - 15. Let t be u(-18). Let s(k) = -k**2 - 13*k + 36. Give s(t).
6
Let y(p) = -44*p + 17 + 106*p + p**3 - 63*p - 10*p**2. Give y(10).
7
Let s be (3/(-5))/(10/(-50)). Suppose -s*y + 36 = 3*y. Let q(b) = b**3 - 6*b**2 + b - 4. Calculate q(y).
2
Suppose -48 = -4*d - r, -4*d - 4*r = -2*r - 44. Let c(k) = 4*k - 3*k + 0*k - d. Calculate c(6).
-7
Suppose 5*q - 12 = 2*q. Let j(n) be the third derivative of n**4/24 + 33*n**2 + 12*n. What is j(q)?
4
Let z(b) = -b**2 + 5*b + 7. Let c be z(6). Let d(g) = -3 - 6*g + g**2 + c + 1. Suppose 5*r - 25 = 0, 0 = 6*f - f - r - 20. What is d(f)?
-6
Let j(u) = u - 16. Let o be j(10). Let r(q) = q**3 + 6*q**2 - 2*q - 6. What is r(o)?
6
Let m(i) = -2*i + i**3 - i**2 + 5 - 7*i**2 + 2*i**2. Let k be 9/1287*39 + (-126)/(-22). Determine m(k).
-7
Let p(l) be the second derivative of l**5/20 - l**4/12 - 4*l**3/3 - l**2 - 32*l - 1. Give p(4).
14
Let a(b) = 4*b + 6. Let m(n) = -10*n**3 + 12*n**2 + 16*n - 17. Let i(f) = 7*f**3 - 8*f**2 - 11*f + 11. Let r(v) = -7*i(v) - 5*m(v). Let t be r(4). What is a(t)?
-10
Let b(p) be the third derivative of p**6/120 - p**5/10 + p**4/12 - p**3 + 28*p**2 - 2*p. Let t = 12 + -6. Give b(t).
6
Let k(r) = -976 + 12*r + 976. Determine k(-2).
-24
Suppose 6 - 1 = 2*g - 5*q, 0 = 5*q + 5. Let a(j) be the second derivative of j**3/6 + j**2/2 + 174*j. What is a(g)?
1
Let q(t) be the first derivative of -t**4/4 + 17*t**3/3 - t**2/2 + 13*t + 117. What is q(17)?
-4
Let d(u) = -u**3 + 4*u**2 - 3*u - 3. Suppose 2*q - 3 = 3*s, 2*q - 2*s + s - 5 = 0. Calculate d(q).
-3
Let m be (-4)/6*15/(-5). Suppose b - 3 = 4*f, -m*f = b - 5*f - 1. Let q(k) = 2*k. Give q(b).
-10
Let i(h) = -4*h - 1. Suppose 118 = -17*z + 33. Determine i(z).
19
Let l(p) = p**3 + 13*p**2 + p + 14. Let y be l(-13). Let z(u) = -5*u + 3. Calculate z(y).
-2
Let q(d) = -d**3 + 1 + 6*d**2 - 19*d - 2*d**2 + 16*d + 2. Determine q(4).
-9
Let c(h) be the third derivative of h**4/8 + 7*h**3/6 - 687*h**2. Let g be (10/(-4))/(2/4). Determine c(g).
-8
Let l be (5/(-4))/(-8*(-10)/320). Let d(v) = -v**2 - 4*v - 6. Give d(l).
-11
Let y(h) = 2*h**2 - 85*h + 529. Let x be y(35). Let d(u) = 2*u - 7. Determine d(x).
1
Let i(y) = 2 + 9*y - 3*y - 1. Let n = -12 - -41. Let z = 27 - n. Give i(z).
-11
Suppose -17*u + 25 = -12*u. Let t be -1*(-3 + 5 - u). Let s(b) = -t - 1 - 4*b + b + 2. What is s(-3)?
7
Let x(j) = 234 + 251 + 2*j - 453. Determine x(-20).
-8
Let o(i) = -i**3 + 5*i**2 - i + 9. Let z be o(5). Let a(t) = -1 + t + 9*t - 4 + z. Calculate a(-1).
-11
Let w(a) = a**3 + 8*a**2 + 6*a - 6. Let d = -48 - -41. Let x be w(d). Let t(u) = 4*u**2 - 1. Give t(x).
3
Let u(h) be the first derivative of h**5/60 - 27*h**2/2 + 9. Let z(q) be the second derivative of u(q). Give z(1).
1
Let y(w) = -w + 3. Suppose 0 = -3*r + 9, -g - 7 = 6*r - 9*r. Determine y(g).
1
Let i = 2857/6 + -476. Let t(h) be the second derivative of h + 1/12*h**4 + 0*h**2 + 2/5*h**5 - i*h**3 + 0. What is t(1)?
8
Let p(m) = -32 + 9*m + 58 - 17*m**2 - 29. Let k(r) = 8*r**2 - 4*r + 1. Let x(v) = 5*k(v) + 2*p(v). Determine x(-1).
7
Let s(q) be the third derivative of -q**4/12 - 19*q**3/6 + q**2 + 12*q. Calculate s(-8).
-3
Suppose 0 = -2*c + 14 - 4. Let t(l) = -l + 6 + c*l + 0*l - 3. Let r be t(-2). Let o(s) = -s - 4. What is o(r)?
1
Let f(s) = 0 + s**2 - 3 - 445*s + 441*s + s**3. Give f(-3).
-9
Let y(f) = -f**3 - f + 4. Let v be (155/35 - 5)*42/(-12). What is y(v)?
-6
Suppose 0 = 5*a + q - 25, -q + 28 = 3*a - 3*q. Let j be 12/(-2)*(-4)/a. Let w(r) = -r**2 + 7*r - 5. Calculate w(j).
7
Let b(o) = 146*o**2 - 2*o + 9. Let s be b(2). Let l(c) = 8*c**2 + 4 - c + 590*c**3 - s*c**3 + 8*c. Let v be (28/12)/(1/(-3)). What is l(v)?
4
Suppose -9*f + 7*f + 4 = 0. Let r(o) = -f*o + 14 + 13 + 16 - 39. What is r(8)?
-12
Suppose -r = -3 + 5. Let n be (-94)/8 + 1/(-4). Let v be (-253)/(-66) + r/n. Let z(c) = -c + 2. Calculate z(v).
-2
Let r(a) = -3*a - 4. Let j(o) be the third derivative of o**5/30 + 49*o**4/24 - 14*o**3/3 + 10*o**2. Let p be j(-25). Calculate r(p).
5
Let d = 180 + -180. Let q(i) = -i**3 - i**2 + 30. Calculate q(d).
30
Let d(o) = -19*o - 5. Let t(y) = -54*y - 14. Let m(h) = 8*d(h) - 3*t(h). Determine m(1).
12
Suppose 2*l - 4*l = 2*v + 130, 131 = -2*v - 3*l. Let b = v + 67. Let r(d) = -2*d**2 + 3*d - 2. What is r(b)?
-11
Let l(a) = a - 1. Let w be l(1). Let h(k) be the third derivative of k**5/60 - k**3 + 1086*k**2. What is h(w)?
-6
Let y = 2 - 4. Let z(q) = -q**2 + q - 1. Let n(u) = u**2 - 6*u. Let o(g) = n(g) + 2*z(g). What is o(y)?
2
Let m(y) = -9*y + 21. Let f(q) = q - 3. Let l(c) = -4*f(c) - m(c). What is l(3)?
6
Let j(d) = d + 2. Let l(g) = -2*g + 9. Let y be l(3). Suppose 2*w + y = -5. Calculate j(w).
-2
Let l(o) = 16*o**2 + 2*o - 1. Let i = 6 - 2. Let n = -288 - -283. Let x be n/(-1) - (0 + i). Calculate l(x).
17
Let l(r) be the third derivative of -r**6/120 - r**5/20 + r**4/6 + 2*r**3/3 + 6*r**2. Let i be (4 + 0 - 7)/1. What is l(i)?
-8
Let q(t) = 2*t + 1. Let h(o) = 9*o + 8. Let d(r) = -h(r) + 5*q(r). Let b = -16 + 10. What is d(b)?
-9
Suppose 0 = 3*o - 3 - 9. Let c(v) = v**3 + 14*v**2 - 3*v - 21. Let w be c(-14). Let q(x) = 6 - 1 - w*x + 20*x. Give q(o).
1
Let u be -5 + 370/(-35) + (-8)/(-14). Let j = -12 - u. Let d(m) = m + 4. Determine d(j).
7
Suppose -2*c - 2*c = 8. Let w(s) = -s**3 + 2*s**2 - s + 5. Let i(f) = f**3 - 2*f**2 -